{"id":936,"date":"2020-09-10T10:23:58","date_gmt":"2020-09-10T08:23:58","guid":{"rendered":"https:\/\/www.telaron.eu\/?post_type=product&#038;p=936"},"modified":"2022-02-23T23:21:23","modified_gmt":"2022-02-23T22:21:23","slug":"adaptateur-secteur-usb-comp-iphone-blanc-wcv200","status":"publish","type":"product","link":"https:\/\/www.telaron.eu\/nl\/produit\/adaptateur-secteur-usb-comp-iphone-blanc-wcv200\/","title":{"rendered":"ADAPTATEUR SECTEUR USB COMP. IPHONE BLANC WCV200"},"content":{"rendered":"<p>Conservez un chargeur suppl\u00e9mentaire \u00e0 la maison, au bureau et dans votre valise.<br \/>\nBranchez le chargeur sur une prise murale et connectez son c\u00e2ble \u00e0 votre devoice qui peut \u00eatre charg\u00e9 via son port USB. Vous pouvez utiliser votre p\u00e9riph\u00e9rique USB pendant le chargement. Pour toute question concernant le fonctionnement, la s\u00e9curit\u00e9, les soins et la maintenance, veuillez vous reporter au guide de l&#8217;utilisateur de votre p\u00e9riph\u00e9rique USB. Veuillez conserver ces informations pour r\u00e9f\u00e9rence ult\u00e9rieure<br \/>\nTemps de charge: 2-6 heures<br \/>\nProtection contre la surcharge &#8211; maximise la dur\u00e9e de vie de la batterie<br \/>\nPetit et l\u00e9ger, facile \u00e0 transporter<\/p>\n","protected":false},"excerpt":{"rendered":"<p>Conservez un chargeur suppl\u00e9mentaire \u00e0 la maison, au bureau et dans votre valise. Branchez le chargeur sur une prise murale et connectez son c\u00e2ble \u00e0 votre devoice qui peut \u00eatre charg\u00e9 via son port USB. Vous pouvez utiliser votre p\u00e9riph\u00e9rique USB pendant le chargement. Pour toute question concernant le fonctionnement, la s\u00e9curit\u00e9, les soins et [&#8230;]\n","protected":false},"featured_media":937,"template":"","meta":{"_acf_changed":false},"product_brand":[],"product_cat":[169,186,170],"product_tag":[],"class_list":{"0":"post-936","1":"product","2":"type-product","3":"status-publish","4":"has-post-thumbnail","6":"product_cat-accessoires-gsm","7":"product_cat-chargeurs-adaptateurs","8":"product_cat-chargeurs-et-data-cables","10":"first","11":"instock","12":"product-type-simple"},"acf":[],"jetpack_sharing_enabled":true,"_links":{"self":[{"href":"https:\/\/www.telaron.eu\/nl\/wp-json\/wp\/v2\/product\/936","targetHints":{"allow":["GET"]}}],"collection":[{"href":"https:\/\/www.telaron.eu\/nl\/wp-json\/wp\/v2\/product"}],"about":[{"href":"https:\/\/www.telaron.eu\/nl\/wp-json\/wp\/v2\/types\/product"}],"wp:featuredmedia":[{"embeddable":true,"href":"https:\/\/www.telaron.eu\/nl\/wp-json\/wp\/v2\/media\/937"}],"wp:attachment":[{"href":"https:\/\/www.telaron.eu\/nl\/wp-json\/wp\/v2\/media?parent=936"}],"wp:term":[{"taxonomy":"product_brand","embeddable":true,"href":"https:\/\/www.telaron.eu\/nl\/wp-json\/wp\/v2\/product_brand?post=936"},{"taxonomy":"product_cat","embeddable":true,"href":"https:\/\/www.telaron.eu\/nl\/wp-json\/wp\/v2\/product_cat?post=936"},{"taxonomy":"product_tag","embeddable":true,"href":"https:\/\/www.telaron.eu\/nl\/wp-json\/wp\/v2\/product_tag?post=936"}],"curies":[{"name":"wp","href":"https:\/\/api.w.org\/{rel}","templated":true}]}}

<p>Conservez un chargeur supplémentaire à la maison, au bureau et dans votre valise.<br />
Branchez le chargeur sur une prise murale et connectez son câble à votre devoice qui peut être chargé via son port USB. Vous pouvez utiliser votre périphérique USB pendant le chargement. Pour toute question concernant le fonctionnement, la sécurité, les soins et la maintenance, veuillez vous reporter au guide de l&#8217;utilisateur de votre périphérique USB. Veuillez conserver ces informations pour référence ultérieure<br />
Temps de charge: 2-6 heures<br />
Protection contre la surcharge &#8211; maximise la durée de vie de la batterie<br />
Petit et léger, facile à transporter</p>

<p>Conservez un chargeur supplémentaire à la maison, au bureau et dans votre valise. Branchez le chargeur sur une prise murale et connectez son câble à votre devoice qui peut être chargé via son port USB. Vous pouvez utiliser votre périphérique USB pendant le chargement. Pour toute question concernant le fonctionnement, la sécurité, les soins et [&#8230;]
